3 = 5*k, -2*k - 41 = -3*k - 2*x. Let r be (k/(-6))/((-1)/6). Suppose 48 - 4 = m. Calculate the highest common divisor of r and m.
11
Suppose -4*w + 901*a = 902*a - 9309, -3*w + 7001 = -2*a. Calculate the greatest common factor of 51 and w.
17
Let u = 882 + -627. Let w = -46 + u. Let s(y) = -2*y**3 - 7*y**2 - y - 1. Let n be s(-4). Calculate the highest common factor of w and n.
19
Let n be (-343)/(-42) - (-1)/(-6). Let l = 1096 + -1084. Calculate the highest common divisor of n and l.
4
Let c = -32 + 35. Let w be (16/c)/(4*2/36). Suppose 0 = -5*h + 3*v + w, -2 = -v - 0. What is the greatest common factor of h and 6?
6
Suppose -10248 = 16*z - 18*z - 9*b, -3*b - 25620 = -5*z. Calculate the highest common factor of 122 and z.
122
Let p = 340 - -3022. What is the highest common divisor of 246 and p?
82
Suppose -5*t = -7*t + 28. Let f(n) = 0*n**2 - 152*n + t + 159*n - n**2. Let s be f(8). What is the greatest common factor of s and 42?
6
Suppose 6*h - h - 20 = 0, -3*w + 56 = -h. Let f be 5*2/w - 251/(-2). Calculate the greatest common factor of f and 14.
14
Let v(b) = 2154*b + 86168. Let f be v(-40). Suppose -p - 648 = -4*p. What is the greatest common divisor of f and p?
8
Suppose -3072*l + 125 = -3047*l. Let d = -111 - -176. Calculate the greatest common divisor of d and l.
5
Suppose -3*c - 4*i = -4028, 2*i - 6*i = -20. What is the highest common divisor of c and 8?
8
Suppose 3*c + 1449 = 4*o, -2*c - 2 = 4. Suppose 4*z = 14*z - o. Let m be 1/(-1 + 10/9). Calculate the greatest common divisor of z and m.
9
Let g be 73876/66 - (-1 + 0 + 7/3). What is the greatest common factor of g and 78?
26
Let x(g) = -6*g + 36. Let p be x(-15). Let j = -80 + p. Suppose -3*u = -4*s - j, 4 = s + 2. Calculate the greatest common divisor of 90 and u.
18
Suppose 17 = -5*m - 13. Let z = 12 + m. Suppose -q - 26*l = -22*l - 8, 46 = 4*q + 2*l. What is the greatest common divisor of z and q?
6
Suppose 0 = -96*p + 94*p + 1892. Suppose 0 = 113*b - 111*b - p. Calculate the highest common divisor of b and 11.
11
Suppose 2155 = 27*o - 545. What is the greatest common factor of 1250 and o?
50
Let k be 1214/(-8) + (-1)/4. Let m = k + 359. Suppose -1025*v + 19579 = 1137*v - 30147. Calculate the highest common divisor of m and v.
23
Let t(h) = h**2 - 2*h - 1. Let w be t(-5). Suppose -2*k + 0*p + 71 = -5*p, -5*k + 2*p = -167. Let n = w - k. What is the highest common factor of 1 and n?
1
Suppose 4621*q - 4501*q - 12240 = 0. Calculate the highest common divisor of 12954 and q.
102
Let r = -179 - -191. Suppose 0 = -r*a + 36*a - 9792. Calculate the highest common divisor of 24 and a.
24
Suppose 0 = 4*x + 4*x. Suppose x*v - 1 = -b + 5*v, -3*b + 3 = 5*v. Let c(y) = 13*y**2 + 3*y - 1. Let u be c(b). What is the highest common divisor of u and 3?
3
Let l be (-8 - (-3)/((-9)/(-15)))*-3. Let z(a) = -a**2 + 14*a - 33. Let c be z(l). Calculate the greatest common factor of 36 and c.
12
Let f(b) = -4*b + 18. Let z be f(5). Let m be 9 - 12 - 110/z. Calculate the highest common factor of 13 and m.
13
Let w be (-42933)/(-11) - -17 - 0/(-2). Calculate the highest common divisor of 520 and w.
40
Let h = -214 - -211. Let c be 56*h/((-168)/16). What is the greatest common factor of c and 80?
16
Suppose -y + 140 = -r + 37, 2*y + r = 203. Suppose h = -34 + y. Calculate the highest common factor of 119 and h.
17
Let t(f) = -f**3 - 18*f**2 - 15*f + 39. Let i be t(-17). Suppose 0*r - r = i*m - 28, m = -3*r + 56. Calculate the highest common factor of 27 and r.
9
Let g = -1538 + 1539. Let o be 4/2*-1*6. Let l = -5 - o. Calculate the greatest common factor of g and l.
1
Let q(t) = -130*t + 325. Let s be q(-6). Calculate the highest common factor of s and 1547.
221
Let x(a) = 38*a**3 - 9*a**2 + 76*a + 18. Let u be x(5). What is the greatest common factor of 18 and u?
9
Let c(t) = -3*t - 3. Let a be (25/(-5) - 6)*1. Let z be c(a). Let r(w) = 3*w**2 + 3*w + 2. Let k be r(-3). Calculate the greatest common factor of k and z.
10
Let u = 217 + -200. Let z = u + -4. What is the highest common factor of z and 13?
13
Let q be 162 + (270/(-20) + 13)*(0 - -12). What is the greatest common divisor of 12 and q?
12
Let y(f) = -11*f - 764. Let t be y(-70). What is the highest common divisor of t and 594?
6
Let q = -577 - -625. Let c = 112 + -57. Let o = c - 43. What is the highest common divisor of q and o?
12
Suppose 81*i - 88*i = 134 - 372. What is the highest common divisor of i and 153?
17
Let o be (0 - 140)/(102/153). Let v = o - -357. What is the greatest common factor of 42 and v?
21
Let w be (-11)/((-55)/(-10)) + -2. Let v be (-1 + 2)/((w/1)/(-120)). Calculate the greatest common divisor of 210 and v.
30
Let o(g) = 2796*g**2 + 11 - 2799*g**2 - 43*g + 4. Let q be o(-10). What is the highest common divisor of q and 29?
29
Suppose -j - 5*x + 34 = 0, -2*j - 2*x + 39 + 53 = 0. Suppose 0 = 5*t + 9 - j. Let a be (6/30)/(3/15). What is the greatest common factor of a and t?
1
Suppose 4*c - 8*c - 2*r = -606, -5*c = r - 762. Let t(l) = -4*l**3 - 103*l**2 - 635*l - 159. Let v be t(-16). Calculate the greatest common divisor of c and v.
17
Let n = -4974 + 5024. Calculate the highest common factor of 5150 and n.
50
Let l = 165 + -117. Let b(q) = -q**3 - 11*q**2 - 23*q + 14. Let f be b(-10). Suppose 0 = -3*m + 7*m - f. What is the greatest common divisor of m and l?
12
Let u be 26/(-2)*(1 - 4). Suppose 8*f + u = 191. Let w = -3 + 155. Calculate the highest common factor of w and f.
19
Suppose -2 - 10 = -4*c. Suppose 2 = -z + c*z. Calculate the greatest common divisor of z and 16.
1
Suppose -3*q = -40 - 17. Suppose -15 = -20*t + q*t. Suppose 14*y - t*y = -25. Calculate the highest common divisor of 75 and y.
25
Suppose 7*p - 11 = 17. Suppose -p*l - 30 = -10*l. Suppose -l*t - 3 = -38. What is the highest common divisor of t and 7?
7
Let i = 1007 - 67. Let k be 3*(-5)/30*(-7)/((-21)/(-120)). What is the greatest common factor of i and k?
20
Let y(c) = -c**3 + 40*c**2 + 14*c - 537. Let h be y(40). Let o be (690/(-4))/(1/(-2)). Calculate the greatest common factor of h and o.
23
Let o be 2*(-141)/3 + -2. Suppose -7*p + 29 - 36 = 0. Let y be 3 - (p + 2)*o. Calculate the greatest common divisor of 33 and y.
33
Let w(p) = 3*p - 20. Let f be w(8). Let c(v) = 3*v + 1. Let x be c(f). Calculate the highest common divisor of x and 351.
13
Let q(s) = -29*s - 132. Let z be q(-5). Calculate the greatest common factor of z and 637.
13
Let v = -41 - -46. Suppose -v*f = 87 - 672. Calculate the highest common factor of 78 and f.
39
Let x = -2 - -3392. Calculate the greatest common divisor of x and 30.
30
Let h = 1548 - 1506. Let n(l) = -16*l + 9. Let v be n(-6). Calculate the highest common divisor of h and v.
21
Suppose -98*w + 94*w + 3*y + 1502 = 0, -3*w - 2*y = -1152. Calculate the greatest common factor of w and 95.
95
Suppose 17*v - 13*v + 840 = 0. Let k be 3/(-8) - v/48. Suppose k*r + 64 = 196. Calculate the greatest common factor of r and 165.
33
Let o be -2 + 0 - (-6 + 19). Let s be 0*((-10)/o + -1). Suppose s = -6*m + 5*m + 7. Calculate the highest common divisor of m and 1.
1
Let l(g) = -4 - 2*g - 2 + 0. Let v be l(-7). Let b(s) = 7104*s - 49664. Let x be b(7). Calculate the greatest common divisor of v and x.
8
Let n(h) = 33*h + 36 + 19 + 4*h**2 - 6*h**2 + 14. Let g be n(18). Calculate the highest common divisor of 9 and g.
3
Let o be (-22)/12 + 2 + 65/(-30). Let h be (-20)/4 - o - -45. Suppose -k + h = 4*a + 11, -5*k + 27 = 4*a. Calculate the greatest common divisor of 1 and a.
1
Let j be (4/8)/(2/(-64)). Let p(s) = -22*s - 262. Let q be p(j). Calculate the greatest common divisor of 45 and q.
45
Let n = -6314 - -8888. What is the highest common divisor of 39 and n?
39
Let z(n) = -n**3 - 15*n**2 - 5*n - 6. Let s be z(-14). Let w = 79 + s. Let x = -31 - w. What is the highest common factor of 55 and x?
11
Let c(u) = -5*u**2 - 61*u - 16. Let w(y) = 6*y**2 + 60*y + 15. Let j(a) = 3*c(a) + 2*w(a). Let s be j(-18). What is the highest common divisor of s and 24?
24
Let p(q) = -14*q**2 + 6*q - 4. Let t be p(-6). Let h = 576 + t. What is the greatest common factor of 64 and h?
32
Let i = -286 + 298. Let h be (i/9)/(1720/858 + -2). Calculate the highest common factor of h and 22.
22
Suppose 626 = -3*i + 3752. Let m be (-14)/(-4) + 3/6. Su